 v?
9
Let v = 43 + 111. Suppose -296 = -4*f - 4*z, 5*f = 5*z + v + 226. What is the tens digit of f?
7
Suppose 3*t - 3630 = 3*r, -3*t + 5144 - 1514 = 2*r. What is the tens digit of t?
1
Let y(f) = -140*f - 230. What is the thousands digit of y(-30)?
3
Suppose 5*x = 91 + 339. Suppose x + 64 = -2*b. Let o = -45 - b. What is the tens digit of o?
3
What is the units digit of (-6)/(-21)*-1 + 24366/217?
2
Suppose 45*f = 48*f. Suppose f*z - 38 = -2*z. What is the units digit of -1*z*(0 - 1)?
9
Let j(q) = 2*q**3 + 33*q**2 - 16*q + 81. What is the tens digit of j(-17)?
6
Suppose 0*t + 3*t = 9. Let v be -1 - (-1136)/4 - t. Suppose -v + 16 = -8*y. What is the tens digit of y?
3
Let y(f) = 5*f - 9. Let h be (24 + -14)*(-28)/10. Let p = h + 37. What is the units digit of y(p)?
6
Let w(q) = -42*q - 139. What is the tens digit of w(-17)?
7
Suppose -4*v - 5725 = -9*v. What is the tens digit of v?
4
Let p = -9 - -11. Let w be p*1*105/7. Suppose w = 2*i - 30. What is the units digit of i?
0
Suppose 5*d - 27 - 44 = 4*q, -5*q - 20 = 0. Suppose d*u = 14*u + 18. Let h(l) = l**2 + 4*l - 10. What is the units digit of h(u)?
2
Let c be 125/(-10) - 4/(-8). Let u(l) = -l**3 - 12*l**2 - 3*l - 8. What is the tens digit of u(c)?
2
Suppose -30 = -3*l + 3*x, -5*l + 2*x = -23 - 33. Let o(g) = -g**3 - 2*g**2 - g - 2. Let s be o(-3). Suppose -s*m - 18 = -l*m. What is the units digit of m?
9
Let o be 34/10 + 14/(-35). Let s(v) = -v**3 + 4*v**2 - v + 2. What is the units digit of s(o)?
8
Let g = -14 + 5. Let z(t) = -13*t - 43. What is the tens digit of z(g)?
7
Let a be 1*2*(15 + -8). Let r = a + -11. What is the tens digit of 10/r*18 + -4?
5
Let h be -6 - -4 - (5 - 0)*-1. Suppose n + 138 = h*n - 4*v, 3*n - 2*v = 199. What is the tens digit of n?
6
Let q(c) = -2*c**2 - 5*c + 3*c**2 + 2*c - 3*c. Let d be q(6). Suppose 3*v - 3 = -k - d*v, 1 = -k - 5*v. What is the units digit of k?
9
Let m be (4/3)/(8/12). Suppose 5*r = m*r + 423. What is the hundreds digit of r?
1
Suppose -1476 = -3*x + x. Suppose 13*t = 7*t + x. What is the hundreds digit of t?
1
What is the hundreds digit of ((-160)/(-8))/((-24)/(-1446))?
2
What is the tens digit of ((-1)/(-2))/(3 - (-12299)/(-4102))?
9
Let d = -4 + 8. Suppose 0 = -4*a + d*h, -2*h + 4 = a - 7*h. What is the units digit of (13 - a) + (-2 - 1)?
1
Suppose 4*t - n = 601, 2*t - 103 = -n + 202. Let w = t - 52. What is the units digit of w?
9
Let b = -144 - -283. What is the units digit of b?
9
What is the hundreds digit of 66/88 + (-2546)/(-8)?
3
Let a(l) = 3*l + 2*l**2 + 3*l - 5*l. Let k = -27 + 29. What is the units digit of a(k)?
0
Suppose -k = -5*c + 12 + 1, 7 = -k + 2*c. What is the units digit of ((-39 - k) + 0)/(-1)?
6
Let a be 1*(-2)/(2/(-115)). Suppose 3*i = 4*k - 437, -4*k + 5*i = -5*k + a. What is the hundreds digit of k?
1
Let r = 711 + 65. What is the units digit of r?
6
Suppose 0 = -y - 0*y, 5*c = 2*y + 20. Suppose o = -o + c. Suppose -2 = o*p - 60. What is the tens digit of p?
2
Let a(t) = -t. Let w be a(0). Suppose 4*h + 140 - 20 = w. Let m = -15 - h. What is the units digit of m?
5
Let f(x) be the second derivative of 8*x**3/3 + 3*x**2/2 - x. Let d(s) = 64*s + 13. Let h(y) = 2*d(y) - 9*f(y). What is the units digit of h(-2)?
1
Let j(n) = -2*n**2 + 71 + 2 - n + 27*n**3 - 26*n**3. What is the tens digit of j(0)?
7
Suppose 0 = -2*h + 6, 163*x - 7554 = 159*x + 2*h. What is the thousands digit of x?
1
Let m(g) be the second derivative of -10*g**3/3 + 7*g. Let z be 0 + 0 + -1 + 0. What is the units digit of m(z)?
0
Let o(w) = 258*w**2 - 2*w - 6. What is the thousands digit of o(2)?
1
Let t = -862 - -2411. What is the hundreds digit of t?
5
Suppose -3*g - 5*i = -1547, 3*i + 3153 = 4*g + 1042. What is the tens digit of g?
2
Let p(g) = -9*g - 18. Let m(h) = 10*h + 19. Let k(r) = 5*m(r) + 6*p(r). What is the tens digit of k(-14)?
4
What is the units digit of 4*((-335)/(-10) - 1)?
0
Let j = 13 + -52. Suppose -40*b = c - 43*b - 97, 0 = -c + 2*b + 94. Let f = j + c. What is the tens digit of f?
4
Let m(s) = s**2 - 12*s + 11. Let t be m(11). Let l = t - -4. Suppose a + 3*u = 6*u + 2, l*u - 29 = -5*a. What is the units digit of a?
5
Suppose 316*i - 1355 = 311*i. What is the units digit of i?
1
Let x be (2 - (-30)/(-9))/(4/330). Let j = -85 - x. What is the tens digit of j?
2
Let c = 8196 + -5298. What is the hundreds digit of c?
8
Let a = 92 - 55. Let z = a - 3. Suppose 3*g - z = -5*o - 9, -2*g - 42 = -4*o. What is the units digit of o?
8
Let z(r) = -48*r + 317. What is the hundreds digit of z(-49)?
6
Let w(d) = d**3 + 13*d**2 + 2. Suppose -5*t + 3 = -27. Suppose -t*r + 9*r + 39 = 0. What is the units digit of w(r)?
2
Let v(a) = 5 - 2*a**2 + 3*a**2 + 3*a + 12*a. Let o be v(-15). Suppose 0 = -o*z + 10 + 40. What is the units digit of z?
0
Let y(s) = s**3 + 9*s**2 + 19*s - 2. Let f be y(-4). Suppose 3*o - f*h = 559, 4*o + 5*h - 940 = -o. What is the tens digit of o?
8
Let n(w) = -68*w**3 + 4*w**2 + 24*w + 52. What is the thousands digit of n(-3)?
1
Suppose 1464 = 4*y + 4*k, -5*y - k + 1836 = k. What is the tens digit of y?
6
Let z be (5/15)/((-1)/3). What is the units digit of z - (-211 + (2 - 3))?
1
Let m(q) = -q**3 + 7*q**2 - 5*q - 6. Let s be m(6). Suppose s = 3*r - 9. Suppose 3 = r*h - 39. What is the tens digit of h?
1
Let p be 304/22 - (-4)/22. What is the units digit of ((-12)/p)/((-18)/63)?
3
Suppose x + 21 = 5*s, -4*s = -2*x - s - 7. What is the tens digit of (x/(16/12) - 4)*-19?
1
Suppose -35*g = -39*g + 4080. What is the tens digit of g?
2
Let q = 12 + -14. Let o = q - 6. Let y(r) = -r - 5. What is the units digit of y(o)?
3
Let g(f) = 0*f + 7*f + 6 - 1 + f**2. Let j be g(-6). What is the units digit of (3 + j - -1) + 14?
7
Let f(c) = -c**3 + 10*c**2 + 7. Let u be f(10). Suppose 3*i = -2*w + u*i - 12, 0 = 2*w - 2*i + 10. What is the units digit of (-3)/(w + (-355)/(-90))?
4
Let k be ((-5)/2)/(2/(-4)). Suppose -3*s = -0*s + 6, -5*x = -k*s - 145. What is the tens digit of x?
2
Suppose 3*b - 34 = 119. Let o be (8/6)/((-2)/b). Let g = 52 + o. What is the tens digit of g?
1
Suppose 4*a + 36 = -4*z, 4*z + 10 + 18 = -2*a. Let n(t) = -1. Let m(v) = -6*v - 10. Let l(o) = m(o) - 2*n(o). What is the units digit of l(z)?
2
Let x(i) = -317*i. Let k be x(-1). Suppose k = 7*y - 68. What is the tens digit of y?
5
Let u(m) = 2*m**3 - 14*m - 15. Let c be u(-3). Let s = 184 + -126. Let z = s + c. What is the tens digit of z?
3
Suppose -4*z + 2*h = -306, -2*z + 2*h + 105 + 49 = 0. Suppose -z = -t - 21. What is the units digit of t?
5
Suppose 2*i = -2*i + 196. Suppose -2*d + i = -25. What is the tens digit of d?
3
Suppose -d + 25 = 4*c + 3, -2*d + 64 = -2*c. Suppose -d = -4*r - r. Let g(y) = 2*y + 9. What is the tens digit of g(r)?
2
Let d(p) = -38*p + 513. What is the tens digit of d(-29)?
1
Let l(s) = 30*s**2 + 13*s + 4. What is the units digit of l(4)?
6
Let b(q) = 4*q + 20. Suppose -1 = -x + 4, -3*y + 3*x = 39. Let r be b(y). What is the tens digit of ((-3)/(r/(-80)))/(-2)?
1
Suppose 174 = -5*b - 141. Let m = 31 + b. Let t = 55 + m. What is the units digit of t?
3
Suppose -4*i + 94 = -2*i. Suppose -4*r - 160 = -4*u, 4*r = -2*u + 157 - i. Let w = u + -22. What is the units digit of w?
3
Suppose -2*b + 0*b - 16 = 0. Let t(c) = -c**2 - 11*c + 2. What is the tens digit of t(b)?
2
Suppose -7*r + 5*r = 76. Let t = r + 83. What is the units digit of t?
5
What is the hundreds digit of ((-85)/(-10) + -4)/((-1)/(-1090))?
9
Suppose 5*p - 3*w = 493, -4*w + 0 - 388 = -4*p. What is the tens digit of p?
0
Let m(j) = 11*j**2 + 3*j - 1. Let i be m(-3). Let v(o) = -o + 36. Let r be v(0). Let u = i - r. What is the units digit of u?
3
Suppose 318 = -d + k + 4*k, d + 3*k + 310 = 0. Let n = -175 - d. What is the units digit of n?
8
Suppose -2*u + 768 = 5*r, 5*r = 4*u - 0*r - 1476. What is the tens digit of u?
7
What is the thousands digit of 1060 + -1*(3 + (0 - 3))?
1
Suppose l - 186 = -l. Suppose 120 = 18*i - 20*i. Let d = i + l. What is the units digit of d?
3
Let m(k) = -k**2 - 19*k - 16. What is the units digit of m(-18)?
2
Suppose -5*x = 24 - 14. Let b be (-5)/2*4/2. Let n = x - b. What is the units digit of n?
3
Let t = 1401 + 718. What is the hundreds digit of t?
1
What is the tens digit of ((-852)/(-36))/((-3)/(-54))?
2
Suppose 10 = 75*i - 73*i. Suppose -i*b - 25 = 